divided by x(-3).
11
Suppose -12*a = -17*a + 1110. Suppose -a - 39 = -3*y. Calculate the remainder when y is divided by 22.
21
What is the remainder when 8/10*(-12 - -72) is divided by 10?
8
Let l(r) = r + 10. Calculate the remainder when -1 - (3 + (-45 - -1)) is divided by l(11).
19
Let k = -23 + 25. What is the remainder when k/10 + 956/20 is divided by 17?
14
Suppose 0 = -0*r + 2*r - 376. Suppose 3*b = -b + r. Calculate the remainder when b is divided by 4 - (-2 - 12/2).
11
Let a = 0 + 30. Suppose -21 = -3*k - 3*c + 12, 74 = 4*k - 2*c. Calculate the remainder when a is divided by k.
14
Let f(i) = -21*i - 2. What is the remainder when f(-3) is divided by (-1)/((4/(-84))/1)?
19
Let w(j) = j**3 + 7*j**2 + 6*j + 9. What is the remainder when 84 is divided by w(-5)?
26
Let g(s) = -4*s - 11. Calculate the remainder when g(-13) is divided by 14.
13
Let r be (-6)/(-3 + 6) - -8. Calculate the remainder when 41 is divided by r/(-6 - -3) - -16.
13
Let q(p) = 2*p**2 + 2*p + 5. What is the remainder when 86 is divided by q(3)?
28
Suppose -2*o - 59 + 7 = -2*j, 0 = 5*o + 20. Let t = 11 + 53. Calculate the remainder when t is divided by j.
20
Let f(p) = -8*p**2 - 3*p - 2. Let a be f(-3). Let c = a - -91. What is the remainder when c is divided by 9?
8
Suppose 4*x = 5 + 3. Suppose -y + 1 = 0, 3*g + 0*y = y + x. What is the remainder when 1 is divided by g?
0
Suppose -3*u - 28 = -5*u. What is the remainder when u/(-7)*(-50)/4 is divided by 7?
4
Suppose s - 5*t + 33 = -s, -3*s + 4*t - 39 = 0. Let v = 41 - 36. Let m = v - s. What is the remainder when 27 is divided by m?
13
Let t be 3/(6/4) + -2. Let n = t - -2. What is the remainder when 7 is divided by n?
1
What is the remainder when 34 is divided by (28/(-6))/(14/(-21))?
6
Let z = -119 + 197. Calculate the remainder when z is divided by 16.
14
Suppose 4*m = 2*m + 2*u + 50, 4*m - 96 = 2*u. Calculate the remainder when m is divided by 12.
11
Let a = 141 + -82. What is the remainder when 114 is divided by a?
55
Let b(j) = 2*j**2 + j + 3. Suppose l + 12 = 4*l. Suppose 5*q - 52 = -3*m, 0 = -l*m + 3*q + 49 + 1. Calculate the remainder when b(4) is divided by m.
11
Suppose 3*q - 15 = -0*q. Suppose -q*d - 21 = 4, 5*i - 3*d = 80. What is the remainder when 1 + i + (-4)/2 is divided by 7?
5
Suppose 8 = 2*r - 72. Calculate the remainder when r/(-14)*(-35)/10 is divided by 6.
4
Let k = 86 + -38. Suppose 0 = 4*z - 5*z + 4, -k = -4*s + 2*z. What is the remainder when s is divided by 5?
4
What is the remainder when 58 is divided by (-4 - -2) + (10 - 2) + -1?
3
Let l(a) = a**2 - 5*a - 3. Let k = -27 + 27. Suppose 6*o - 7*o + 6 = k. What is the remainder when l(-3) is divided by o?
3
Let z(w) = 12*w - 5*w**2 + 4 - 12*w - 13*w + w**3. Suppose 0 = 4*l - 82 - 2. What is the remainder when l is divided by z(7)?
10
Let u(p) = p**2 - 7*p - 3. Calculate the remainder when 8 is divided by u(8).
3
Let c = -39 + 53. Calculate the remainder when 39 is divided by c.
11
Let a = 47 - 42. What is the remainder when a is divided by 2?
1
Suppose 4*z + k - 15 = -z, -3*z - 3*k - 3 = 0. Calculate the remainder when 17 is divided by z.
1
Let u = 20 + -3. Let t(c) = -5*c + 2*c**2 + 2 + 3 + 2*c. Calculate the remainder when t(-4) is divided by u.
15
Suppose 0*y - 38 = -2*y. Suppose -x + 36 = 5*h, -5*h + 11 = 4*x - 28. What is the remainder when y is divided by h?
5
Let j(s) = -2*s**2 - 14*s - 10. Let v be j(-9). Let d = -5 - v. Calculate the remainder when d is divided by 21.
20
Let i = -85 - -180. What is the remainder when i is divided by 24?
23
Let u be 20/15*6*-10. Let y = u + 121. Calculate the remainder when y is divided by 14.
13
Let w(j) = j - 2. Let b = 13 - 23. Calculate the remainder when (-28)/b - 4/(-20) is divided by w(4).
1
Let k = 8 + -5. Suppose h - 10 = k. Let i = -52 - -90. Calculate the remainder when i is divided by h.
12
Let v(t) = 2*t**2 - 8*t + 4. Calculate the remainder when 40 is divided by v(5).
12
What is the remainder when 77 is divided by (20 + -19)/((-2)/(-44))?
11
Suppose 4*a - 3*a = 25. Let u(x) = -4*x - 1. What is the remainder when a is divided by u(-2)?
4
Suppose k = 4*k - 6. Calculate the remainder when 4 is divided by 1 + (k - 2 - -1).
0
Let y(m) = -m**3 - 5*m**2 - 4*m - 6. Let l = 7 + 20. Calculate the remainder when l is divided by y(-5).
13
Let b(g) = 8*g - 1. Suppose 137*p - 135*p + 4*t - 24 = 0, -3*p - 2*t + 32 = 0. What is the remainder when b(5) is divided by p?
9
Suppose 4*z - 31 - 5 = 0. What is the remainder when 15 is divided by z?
6
Suppose -w - 4*w + 100 = 0. Suppose 5*g + 30 = 5*c, 3 = -4*g - 2*c - 3. Let n(m) = -m**3 - 2*m**2 - 2*m - 4. What is the remainder when w is divided by n(g)?
9
Suppose t + 130 = p - 2*t, 0 = 4*p + 3*t - 460. Suppose 2 - p = -4*z. What is the remainder when z is divided by 10?
9
Suppose -h = -4*o + 4*h + 17, 3*h + 12 = 3*o. Let n(i) = 12*i - 3. Calculate the remainder when n(o) is divided by 12.
9
Suppose 4*h + h - 25 = 0. Suppose -16 = -q - 0*q + b, -25 = h*b. Calculate the remainder when 32 is divided by q.
10
Let s(l) = -2*l - 2 + l + 0*l - l. Calculate the remainder when 21 is divided by s(-4).
3
What is the remainder when (-168)/(-9) - 4/6 is divided by 5?
3
What is the remainder when 122 is divided by (-4 + (-234)/(-12))*2?
29
What is the remainder when (-124)/(-7) + (-4)/(-14) is divided by 11?
7
Suppose 4*h + 5 - 37 = 0. Suppose d - 5 = -0*d. Suppose d*w - 15 = 2*w. What is the remainder when h is divided by w?
3
Let y be -7 + 19 - (3 + -1). Let q be 1*(1 - (1 + -9)). Let p = y + q. What is the remainder when 36 is divided by p?
17
Let j(h) = -2*h**3 + 2*h**2 + 1. Let r be j(-4). Suppose -n = 5*s - r, 3*s + 22 - 117 = -n. What is the remainder when s is divided by 17?
16
Suppose 34 = 2*l - 4*n, 0 = 3*l + 5*n - 0*n - 29. Let w be 6/(-9)*-3 - -1. Suppose 18 + 3 = w*m. What is the remainder when l is divided by m?
6
Suppose -3*z = -15, 145 = p + 4*p + z. Calculate the remainder when p is divided by 10.
8
Suppose -4 = -4*v + 12, -3*s = 2*v - 788. Calculate the remainder when 40 is divided by s/12 - 6/9.
19
Let k = 0 + -1. Let y(n) = -2*n + 32. What is the remainder when 25 - (-1)/k*-2 is divided by y(9)?
13
Let p(u) = 4*u - 6. Suppose 2*h - 49 = -z, 4*z - 155 = z - 2*h. What is the remainder when z is divided by p(6)?
17
Let b(v) = v + 7. Suppose 2 = q - 4. Let j be b(q). Let t = -7 + j. What is the remainder when 21 is divided by t?
3
What is the remainder when 1/((2/10)/1) is divided by 4?
1
Suppose 0*m - 4*m + 4*f = -52, m - 15 = 2*f. What is the remainder when 53 is divided by m?
9
Suppose 2*y = -0*y. Suppose -3*v - v + 3*o + 101 = 0, y = o - 5. Let m(j) = -j**2 + 10*j + 1. Calculate the remainder when v is divided by m(9).
9
Suppose 4*p + 2*x = 86, 4*p + 4*x - 3 = 85. Calculate the remainder when 79 is divided by p.
16
Let a(z) = -4 + 0*z - 3*z + 2*z + 0. Let b be a(-7). Suppose -4*t - 20 = -b*r, 0 = 3*r + 3*t + 2*t - 29. Calculate the remainder when 14 is divided by r.
6
Calculate the remainder when 45 is divided by 6*(-1)/(-6)*16.
13
Let a(o) = 3*o**2 - 2. Calculate the remainder when 173 is divided by a(-3).
23
Let y = -32 - -58. Calculate the remainder when 49 is divided by y.
23
Suppose 2*o - 11 = 2*k + 25, 58 = 5*o + 3*k. What is the remainder when 23 is divided by o?
9
Let r(x) = -x**3 - 11*x**2 - 13*x - 11. Calculate the remainder when r(-10) is divided by 12.
7
Let f(x) = 4*x + 8. Calculate the remainder when 37 is divided by f(0).
5
Let n = 24 - -5. What is the remainder when n/3 - 2/3 is divided by 5?
4
Let t = 30 - 25. Suppose -u - 16 = 4*i - 3*u, -u + 6 = -i. Calculate the remainder when -1 - -14 - 0/i is divided by t.
3
Calculate the remainder when -10*(1 - (-5)/(-2)) is divided by (1/(-3))/((-3)/54).
3
Let m(q) be the second derivative of -q**3/6 + 15*q**2/2 - q. Calculate the remainder when 28 is divided by m(0).
13
Let r = 25 - 7. Calculate the remainder when r is divided by 11.
7
Let x be 1/(-4) - 260/(-16). Let j = x - 8. Calculate the remainder when 3/(18/j)*12 is divided by 9.
7
Let m = -28 - -56. Suppose -2*r + m = -10. What is the remainder when 56 is divided by r?
18
Calculate the remainder when (2/(-2) - 1)*183/(-6) is divided by 8.
5
Let r(s) = s**3 - 14*s**2 - 12*s + 2. Let x be r(15). Suppose -x - 21 = -4*v. What is the remainde